.
15
Suppose 51*t = 56*t + 3*w - 4528, 5*w = 3*t - 2744. What is the greatest common divisor of 4 and t?
4
Let w be -6*51/(-2) - 1. Let k be 48*(2/7 + (-875)/490). Let h = w + k. What is the highest common divisor of h and 8?
8
Suppose -71*g + 33813 - 5323 = -61*g. What is the highest common factor of 88 and g?
11
Let y(z) be the first derivative of -4*z - 15*z**2 + 2*z**3 + z**3 + 0*z + 14*z**2 - 11. Let r be y(-2). Calculate the greatest common divisor of 288 and r.
36
Suppose 4 = 15*o + 4. Suppose 3*i = -5*p + 339, o = -3*p + 2*i + i + 189. What is the highest common divisor of p and 264?
66
Suppose 4*p + 368 = s, 2*s + 3*p - 838 = -58. Calculate the greatest common factor of s and 2112.
192
Let n(z) = -291*z**3 - 6*z**2 - 8*z - 3. Let d be n(-1). Calculate the highest common divisor of d and 406.
58
Suppose 0 = 23*n + 72*n - 44935. What is the greatest common factor of 129 and n?
43
Suppose -80*w + 75*w = -45. Calculate the greatest common divisor of 2952 and w.
9
Let s = 137 - -50. Suppose s = 17*l + 34. What is the highest common factor of 9 and l?
9
Let i be 20*-11*(-161)/92. Suppose 2*v + 2*f - i = -3*v, -3*v = f - 230. What is the greatest common divisor of v and 50?
25
Let v = 16548 + -16489. What is the highest common divisor of v and 118?
59
Let s be ((-180)/12 - -7)*-69. Calculate the greatest common divisor of 24 and s.
24
Let s be (3/(-7 - -4))/(1/(-56)). Let f = 46 - s. Let b be 0 + 15 + f/10. Calculate the greatest common factor of 35 and b.
7
Let j(m) = 329*m + 16787. Let g be j(-49). Calculate the greatest common divisor of 18 and g.
18
Suppose 112*a = 59*a + 61*a - 1232. Calculate the greatest common factor of a and 15862.
154
Let s(y) = -30 - 2*y + 59 - 4*y. Let q be s(4). Suppose -2*p - 297 = -q*p. What is the highest common factor of p and 33?
33
Let q = 5 + 0. Suppose -59006 = -474*b - 6649 + 106433. Calculate the highest common divisor of q and b.
5
Let p(w) = -w**3 + 44*w**2 + 143*w - 31. Let z be p(47). What is the greatest common divisor of 261 and z?
9
Suppose -11*x + 10*x + d + 179 = 0, 0 = -5*x - d + 901. Let s = x + -168. What is the highest common divisor of 78 and s?
6
Let i(m) = -2*m - 45. Let n be (11/(-2))/((-10)/(-8) - 1). Let r be i(n). Let c be (-1)/(-2) - (-5 - r/(-2)). Calculate the greatest common divisor of 6 and c.
6
Let v = -7 - -8. Suppose -v = -q + 3*j + 13, -2*j = 3*q - 31. Calculate the greatest common divisor of q and 1.
1
Let s(j) = 135*j - 2193. Let g be s(39). What is the highest common divisor of 640 and g?
128
Suppose -65 = -3*v - 80, 9*d - v - 11633 = 0. What is the greatest common divisor of 6 and d?
2
Let h = 416 - 405. Let g(k) = 2*k**2 - 24*k + 106. Let n be g(h). What is the highest common factor of 24 and n?
12
Let j = -306 - -1320. Let k = j - 705. Suppose 0 = 3*m - k + 117. What is the greatest common factor of m and 96?
32
Suppose 5*d + 64 = 4*r, -2*r - 8*d + 18 = -7*d. Let h = 34 - 23. Let k be h*-4*3/(-6). Calculate the highest common factor of k and r.
11
Suppose -3*g + 6*y + 39 = y, 0 = 4*g - 4*y - 44. Suppose 2*o - g*b + 5*b = 47, 146 = 5*o + 2*b. Calculate the highest common divisor of o and 238.
14
Let g(m) = -6*m - 27. Let f be g(-5). Suppose -15*k = -14*k - f. Let d(t) = t**3 - 2*t**2 + 4. Let a be d(k). What is the highest common factor of 52 and a?
13
Suppose 3*v = 2*z - 10711, 4*v - 21432 = 3*z - 7*z. Calculate the greatest common divisor of z and 11.
11
Suppose -2*l = -10, -208 = -2*h - 4*l + 208. Let v = 45 + -23. Calculate the highest common factor of h and v.
22
Suppose -7489 + 142839 = 10*u. Calculate the highest common factor of 5 and u.
5
Let o = 87 + -82. Suppose 3*d - 3*w - 27 = 0, 0 = o*d - d + 2*w - 54. Suppose 6*y - 24 = d. What is the highest common factor of y and 78?
6
Let s = 518 + -398. Let n(k) = k**3 - 6*k**2 + 9*k - 6. Let i be n(6). What is the highest common divisor of i and s?
24
Let s be (12 - 126/7) + 45. What is the greatest common divisor of 3263 and s?
13
Let w be 188/10 + 70/(-25). Calculate the greatest common divisor of w and 344.
8
Let m(z) = -2*z - 15. Let s(c) = -c**2 - 13*c - 25. Let y be s(-12). Let h be m(y). Calculate the highest common factor of h and 11.
11
Let r = 768 - 524. Suppose 0 = -4*g + 3*t + 786, -g - 3*t = 55 - r. Calculate the greatest common factor of 26 and g.
13
Let v be (-116)/(-8) + (-663)/78. Calculate the highest common divisor of v and 16782.
6
Let q(b) = 2*b**2 - 58*b - 184. Let g be q(32). Suppose 4*v + 1568 = g*v. Calculate the highest common divisor of 56 and v.
56
Let x be 280/(-50) - (-6)/10. Let c(t) = -2*t - 7. Let u be c(x). Let w be (u/9)/(7/21). Calculate the highest common divisor of 9 and w.
1
Let j(g) be the third derivative of g**6/120 - g**4/12 + g**3 + 58*g**2. Let t be j(0). Calculate the highest common factor of 6 and t.
6
Suppose 0 = -10*x + 638 - 368. What is the greatest common divisor of x and 1593?
27
Let t = -124 - -124. Let z be (-7*4)/(t - 1). What is the highest common divisor of 7 and z?
7
Let o(r) = r**3 + 6*r**2 + 7*r + 10. Let z be o(-5). Suppose z = -8*t - 263 + 783. Let h be 2/(t/(-75) - -1). Calculate the greatest common divisor of h and 45.
15
Let x = 899 - 865. Let r(z) = 8*z - 269. Let g be r(x). Calculate the highest common divisor of 237 and g.
3
Let b = -748 + 752. Suppose b*c = -5*u + 124, -15 - 1 = -4*u. Let h = -545 - -779. Calculate the highest common divisor of h and c.
26
Suppose 0 = -u - 3*d + 44, -4*u + 243 = -4*d + 35. Let a = u + -53. Let r be ((-3)/(a/(-3)) + -12)*-1. Calculate the greatest common factor of r and 30.
15
Suppose -9*n + 6*n + 4*s + 329 = 0, 0 = 4*n + 4*s - 476. Suppose -17*w = -140 - n. Calculate the greatest common factor of w and 120.
15
Suppose 16*z - 10608 = 23*z - 20*z. What is the greatest common factor of 240 and z?
48
Suppose 0 = 1728*b - 1738*b + 1920. What is the highest common factor of b and 228?
12
Let g = -3035 - -5940. What is the greatest common factor of 35 and g?
35
Let x = 273 - 258. Let q = -4 - -9. Suppose 0 = -4*l - 5*v + 35, 2*v - 28 = -q*l + v. Calculate the greatest common divisor of l and x.
5
Let n(c) = 4. Let p(r) = -89*r - 4. Let w(k) = -3*n(k) + p(k). Let q be w(-4). What is the highest common factor of 20 and q?
20
Suppose 43 = 2*i + 5*f, 3*i + 0*f + 4*f = 68. Let y be (27/6)/((-18)/i). Let s be 45/y*4/(-10). What is the highest common divisor of s and 21?
3
Suppose 3*g + 2514 = 6*g. Let t = g - 496. Calculate the greatest common divisor of 38 and t.
38
Let n(c) be the first derivative of 14*c**2 - 30*c - 94. Let j be n(21). Calculate the greatest common divisor of j and 18.
18
Let x(g) = -27317*g + 54723. Let n be x(2). Let q = 1062 - -629. What is the highest common factor of n and q?
89
Suppose 230 + 358 = 6*t. Let i = 107 - t. Calculate the highest common divisor of i and 144.
9
Suppose -65*k = -60*k + 4*n - 5367, -4290 = -4*k - 5*n. What is the highest common factor of k and 100?
25
Let q(x) = -15*x**3 - 9*x**2 - 17*x - 106. Let o be q(-7). Calculate the greatest common divisor of 178 and o.
89
Let h be 162/3 + (-4 + (-6)/3 - -2). What is the highest common divisor of 575 and h?
25
Let j be 32*(6 - 0) - (1 + (21 - 18)). Calculate the greatest common divisor of 3478 and j.
94
Let n be (429/(-6))/(13/(-26)). Let h be (-9)/(-3)*(-4)/(-6). Suppose u + 1 = 0, h*u = -3*y - y + 42. What is the greatest common divisor of n and y?
11
Let b(i) = -16*i - 266. Let d be b(-17). Suppose -3*v + 12 = -6. Calculate the greatest common factor of v and d.
6
Let h = -203 + 297. Let t = 1129 - 800. Calculate the highest common factor of h and t.
47
Let x = 8 + 44. Suppose -2*m + x = -0*m. Let n be -104*(48/(-60) + 1/(-5)). What is the highest common factor of n and m?
26
Let h(x) = 1544*x + 11641. Let r be h(-7). What is the highest common divisor of 731 and r?
17
Let v be 6/4*-1*(-3 + 1). Let u(z) = 25*z**2 + z - 9. Let q be u(v). Let m = q - 87. Calculate the highest common divisor of 12 and m.
12
Let p be (0*(-3)/(-9) - 0) + 265. Let r = p - 244. What is the greatest common divisor of r and 84?
21
Let a = -1611 - -7788. Calculate the greatest common divisor of a and 87.
87
Suppose -288 = 16*j - 17*j. Suppose 0 = -8*i - 10*i + j. What is the greatest common divisor of i and 144?
16
Suppose -3*g = -2*f - 119 - 95, 4*g - 2*